{"id":529,"date":"2023-11-30T21:13:15","date_gmt":"2023-11-30T21:13:15","guid":{"rendered":"https:\/\/ahjo.media\/?page_id=529"},"modified":"2023-12-03T00:12:42","modified_gmt":"2023-12-02T22:12:42","slug":"kuvat","status":"publish","type":"page","link":"https:\/\/ahjo.media\/index.php\/kuvat\/","title":{"rendered":"Kuvat markkinoinnin edist\u00e4miseksi"},"content":{"rendered":"\n<div class=\"wp-block-cover alignfull dark-to-norm\" style=\"border-bottom-color:var(--wp--preset--color--contrast-3);border-bottom-width:1px;padding-top:var(--wp--preset--spacing--20);padding-bottom:var(--wp--preset--spacing--40);min-height:100vh;aspect-ratio:unset;\"><span aria-hidden=\"true\" class=\"wp-block-cover__background has-background-dim-100 has-background-dim wp-block-cover__gradient-background has-background-gradient\" style=\"background:linear-gradient(180deg,rgb(0,0,0) 0%,rgba(0,0,0,0.26) 62%)\"><\/span><img loading=\"lazy\" decoding=\"async\" width=\"2560\" height=\"1358\" class=\"wp-block-cover__image-background wp-image-532\" alt=\"\" src=\"https:\/\/ahjo.media\/wp-content\/uploads\/2023\/11\/3D_639303842-scaled.jpg\" data-object-fit=\"cover\" srcset=\"https:\/\/ahjo.media\/wp-content\/uploads\/2023\/11\/3D_639303842-scaled.jpg 2560w, https:\/\/ahjo.media\/wp-content\/uploads\/2023\/11\/3D_639303842-300x159.jpg 300w, https:\/\/ahjo.media\/wp-content\/uploads\/2023\/11\/3D_639303842-1024x543.jpg 1024w, https:\/\/ahjo.media\/wp-content\/uploads\/2023\/11\/3D_639303842-768x407.jpg 768w, https:\/\/ahjo.media\/wp-content\/uploads\/2023\/11\/3D_639303842-1536x815.jpg 1536w, https:\/\/ahjo.media\/wp-content\/uploads\/2023\/11\/3D_639303842-2048x1087.jpg 2048w\" sizes=\"auto, (max-width: 2560px) 100vw, 2560px\" \/><div class=\"wp-block-cover__inner-container has-global-padding is-layout-constrained wp-block-cover-is-layout-constrained\">\n<div class=\"wp-block-columns alignwide are-vertically-aligned-center is-layout-flex wp-container-core-columns-is-layout-f2d0dd88 wp-block-columns-is-layout-flex\" style=\"padding-right:var(--wp--preset--spacing--30);padding-left:var(--wp--preset--spacing--30)\">\n<div class=\"wp-block-column is-vertically-aligned-center flipper is-layout-flow wp-block-column-is-layout-flow\" style=\"flex-basis:20%\">\n<figure class=\"wp-block-image aligncenter size-full is-resized\"><img loading=\"lazy\" decoding=\"async\" width=\"512\" height=\"410\" src=\"https:\/\/ahjo.media\/wp-content\/uploads\/2023\/11\/photos-icon-white.png\" alt=\"\" class=\"wp-image-51\" style=\"width:135px;height:auto\" srcset=\"https:\/\/ahjo.media\/wp-content\/uploads\/2023\/11\/photos-icon-white.png 512w, https:\/\/ahjo.media\/wp-content\/uploads\/2023\/11\/photos-icon-white-300x240.png 300w\" sizes=\"auto, (max-width: 512px) 100vw, 512px\" \/><\/figure>\n\n\n\n<h2 class=\"wp-block-heading has-text-align-center has-text-color has-link-color has-x-large-font-size wp-elements-77b0cd7a5ef36c7319cd1576c0ca92ec\" style=\"color:#ffffff;margin-top:0;margin-bottom:0;font-style:normal;font-weight:400\">KUVAT<\/h2>\n<\/div>\n\n\n\n<div class=\"wp-block-column is-vertically-aligned-center dark-to-normal-slow is-layout-flow wp-block-column-is-layout-flow\" style=\"flex-basis:300px\">\n<p class=\"has-text-align-left has-text-color has-link-color wp-elements-a2728f9e47d6d10055be2fb1499dfd26\" style=\"color:#ffffff;margin-top:5px\">Vanha fraasi: kuva kertaa enemm\u00e4n kuin 1000 sanaa. \u2013 Noh. Ehk\u00e4; riippuu varmasti kuvasta. Joka tapauksessa kuvat ovat markkinoinnin ja erityisesti ennakkomarkkinoinnin yksi kulmakivist\u00e4.<\/p>\n<\/div>\n<\/div>\n\n\n\n<div style=\"height:46px\" aria-hidden=\"true\" class=\"wp-block-spacer\"><\/div>\n\n\n\n<div class=\"wp-block-group dark-to-normal-slow has-global-padding is-layout-constrained wp-block-group-is-layout-constrained\">\n<h1 class=\"wp-block-heading\">Kuvat markkinoinnin edist\u00e4miseksi<\/h1>\n\n\n\n<p>Ahjomedialla on pitk\u00e4 kokemus erilaisten kuvien tuottamisesta 3D visualisoinnilla markkinoinnin tueksi. <\/p>\n<\/div>\n\n\n\n<div style=\"height:50px\" aria-hidden=\"true\" class=\"wp-block-spacer\"><\/div>\n\n\n\n<div class=\"wp-block-buttons is-content-justification-center is-layout-flex wp-container-core-buttons-is-layout-d565fcec wp-block-buttons-is-layout-flex\" style=\"margin-top:var(--wp--preset--spacing--20);margin-bottom:var(--wp--preset--spacing--20)\">\n<div class=\"wp-block-button is-style-fill glowing-button\" style=\"text-transform:uppercase\"><a class=\"wp-block-button__link has-text-color has-background has-link-color has-border-color wp-element-button\" href=\"#lisaa\" style=\"border-color:#e3f3fc6b;border-width:1px;color:#ffffff;background-color:#00000061\">KATSO LIS\u00c4\u00c4<\/a><\/div>\n<\/div>\n<\/div><\/div>\n\n\n\n<div style=\"height:26px\" aria-hidden=\"true\" class=\"wp-block-spacer\"><\/div>\n\n\n\n<div class=\"wp-block-columns is-layout-flex wp-container-core-columns-is-layout-28f84493 wp-block-columns-is-layout-flex\">\n<div class=\"wp-block-column is-layout-flow wp-block-column-is-layout-flow\">\n<figure class=\"wp-block-image size-large\"><img loading=\"lazy\" decoding=\"async\" width=\"724\" height=\"1024\" src=\"https:\/\/ahjo.media\/wp-content\/uploads\/2023\/12\/db35-p1-0001-724x1024.png\" alt=\"\" class=\"wp-image-617\"\/><\/figure>\n<\/div>\n\n\n\n<div class=\"wp-block-column is-layout-flow wp-block-column-is-layout-flow\">\n<h2 class=\"wp-block-heading\">3D kuvat markkinoinnin tueksi<\/h2>\n\n\n\n<p>3D mallintamalla voidaan luoda realistisia ja optimoituja kuvia myyt\u00e4v\u00e4st\u00e4 tuotteesta. <br><br>Ohessa ulko-oven rakenteesta mallinnettu visualisointi. Mallintamalla p\u00e4\u00e4stiin huomattavasti piememm\u00e4ll\u00e4 kustannuksella ja nopeammalla aikataululla haluttuun lopputulokseen,<br><br><a href=\"https:\/\/kaski.fi\" target=\"_blank\" rel=\"noopener\" title=\"\">https:\/\/kaski.fi<\/a><\/p>\n<\/div>\n<\/div>\n\n\n\n<div class=\"wp-block-columns is-not-stacked-on-mobile is-layout-flex wp-container-core-columns-is-layout-28f84493 wp-block-columns-is-layout-flex\">\n<div class=\"wp-block-column is-layout-flow wp-block-column-is-layout-flow\">\n<figure class=\"wp-block-image size-large\"><img loading=\"lazy\" decoding=\"async\" width=\"487\" height=\"1024\" src=\"https:\/\/ahjo.media\/wp-content\/uploads\/2023\/12\/Letto-0007-487x1024.png\" alt=\"\" class=\"wp-image-626\"\/><\/figure>\n<\/div>\n\n\n\n<div class=\"wp-block-column is-layout-flow wp-block-column-is-layout-flow\">\n<figure class=\"wp-block-image size-large\"><img loading=\"lazy\" decoding=\"async\" width=\"487\" height=\"1024\" src=\"https:\/\/ahjo.media\/wp-content\/uploads\/2023\/12\/Letto-0010-487x1024.png\" alt=\"\" class=\"wp-image-628\"\/><\/figure>\n<\/div>\n\n\n\n<div class=\"wp-block-column is-layout-flow wp-block-column-is-layout-flow\">\n<figure class=\"wp-block-image size-large\"><img loading=\"lazy\" decoding=\"async\" width=\"487\" height=\"1024\" src=\"https:\/\/ahjo.media\/wp-content\/uploads\/2023\/12\/Letto-0003-487x1024.png\" alt=\"\" class=\"wp-image-629\"\/><\/figure>\n<\/div>\n<\/div>\n\n\n\n<h2 class=\"wp-block-heading\">3D mallinnuksen vahvuuksia<\/h2>\n\n\n\n<p>Tuotteet, joista tehd\u00e4\u00e4n pienin muutoksin sarjoja eri v\u00e4rin, voidaan tuottaa mallintamalla nopeasti ja tasaisella laadulla. V\u00e4rit saadaan toistettua loogisesti, kun &#8221;studio&#8221; on aina vakioitu. <\/p>\n\n\n\n<div class=\"wp-block-columns is-not-stacked-on-mobile is-layout-flex wp-container-core-columns-is-layout-28f84493 wp-block-columns-is-layout-flex\">\n<div class=\"wp-block-column is-layout-flow wp-block-column-is-layout-flow\">\n<figure class=\"wp-block-image size-large\"><img loading=\"lazy\" decoding=\"async\" width=\"683\" height=\"1024\" src=\"https:\/\/ahjo.media\/wp-content\/uploads\/2023\/12\/MSEA-2kerr-683x1024.png\" alt=\"\" class=\"wp-image-632\"\/><\/figure>\n<\/div>\n\n\n\n<div class=\"wp-block-column is-layout-flow wp-block-column-is-layout-flow\">\n<figure class=\"wp-block-image size-large\"><img loading=\"lazy\" decoding=\"async\" width=\"683\" height=\"1024\" src=\"https:\/\/ahjo.media\/wp-content\/uploads\/2023\/12\/MSEA-2-kerr-683x1024.png\" alt=\"\" class=\"wp-image-633\"\/><\/figure>\n<\/div>\n\n\n\n<div class=\"wp-block-column is-layout-flow wp-block-column-is-layout-flow\">\n<figure class=\"wp-block-image size-large\"><img loading=\"lazy\" decoding=\"async\" width=\"683\" height=\"1024\" src=\"https:\/\/ahjo.media\/wp-content\/uploads\/2023\/12\/MEKA-2-kerr-683x1024.png\" alt=\"\" class=\"wp-image-634\"\/><\/figure>\n<\/div>\n<\/div>\n\n\n\n<p>Tuotteet on helppo kuvata samasta perspektiivist\u00e4 ja samanlaisissa olosuhteissa, jolloin ne ovat helposti vertailtavissa kesken\u00e4\u00e4n. <\/p>\n\n\n\n<div class=\"wp-block-columns is-layout-flex wp-container-core-columns-is-layout-28f84493 wp-block-columns-is-layout-flex\">\n<div class=\"wp-block-column is-layout-flow wp-block-column-is-layout-flow\">\n<figure class=\"wp-block-image size-large\"><img loading=\"lazy\" decoding=\"async\" width=\"1024\" height=\"1005\" src=\"https:\/\/ahjo.media\/wp-content\/uploads\/2023\/12\/4h-kph-p1-1-1-1024x1005.jpg\" alt=\"\" class=\"wp-image-641\"\/><\/figure>\n<\/div>\n\n\n\n<div class=\"wp-block-column is-layout-flow wp-block-column-is-layout-flow\">\n<figure class=\"wp-block-image size-large\"><img loading=\"lazy\" decoding=\"async\" width=\"1024\" height=\"1024\" src=\"https:\/\/ahjo.media\/wp-content\/uploads\/2023\/12\/3h-oh-n2--1024x1024.jpg\" alt=\"\" class=\"wp-image-642\"\/><\/figure>\n<\/div>\n<\/div>\n\n\n\n<p>Mallintamma saadaan aidon n\u00e4k\u00f6isi\u00e4 kuvia kohteista, joita ei ole viel\u00e4 olemassa. <\/p>\n\n\n\n<div style=\"height:31px\" aria-hidden=\"true\" class=\"wp-block-spacer\"><\/div>\n","protected":false},"excerpt":{"rendered":"<p>3D kuvat markkinoinnin tueksi 3D mallintamalla voidaan luoda realistisia ja optimoituja kuvia myyt\u00e4v\u00e4st\u00e4 tuotteesta. Ohessa ulko-oven rakenteesta mallinnettu visualisointi. Mallintamalla p\u00e4\u00e4stiin huomattavasti piememm\u00e4ll\u00e4 kustannuksella ja nopeammalla aikataululla haluttuun lopputulokseen, https:\/\/kaski.fi 3D mallinnuksen vahvuuksia Tuotteet, joista tehd\u00e4\u00e4n pienin muutoksin sarjoja eri v\u00e4rin, voidaan tuottaa mallintamalla nopeasti ja tasaisella laadulla. V\u00e4rit saadaan toistettua loogisesti, kun &#8221;studio&#8221; on [&hellip;]<\/p>\n","protected":false},"author":1,"featured_media":0,"parent":0,"menu_order":0,"comment_status":"closed","ping_status":"closed","template":"page-no-title","meta":{"footnotes":""},"class_list":["post-529","page","type-page","status-publish","hentry"],"_links":{"self":[{"href":"https:\/\/ahjo.media\/index.php\/wp-json\/wp\/v2\/pages\/529","targetHints":{"allow":["GET"]}}],"collection":[{"href":"https:\/\/ahjo.media\/index.php\/wp-json\/wp\/v2\/pages"}],"about":[{"href":"https:\/\/ahjo.media\/index.php\/wp-json\/wp\/v2\/types\/page"}],"author":[{"embeddable":true,"href":"https:\/\/ahjo.media\/index.php\/wp-json\/wp\/v2\/users\/1"}],"replies":[{"embeddable":true,"href":"https:\/\/ahjo.media\/index.php\/wp-json\/wp\/v2\/comments?post=529"}],"version-history":[{"count":16,"href":"https:\/\/ahjo.media\/index.php\/wp-json\/wp\/v2\/pages\/529\/revisions"}],"predecessor-version":[{"id":643,"href":"https:\/\/ahjo.media\/index.php\/wp-json\/wp\/v2\/pages\/529\/revisions\/643"}],"wp:attachment":[{"href":"https:\/\/ahjo.media\/index.php\/wp-json\/wp\/v2\/media?parent=529"}],"curies":[{"name":"wp","href":"https:\/\/api.w.org\/{rel}","templated":true}]}}