{"id":695,"date":"2023-12-02T22:33:09","date_gmt":"2023-12-02T20:33:09","guid":{"rendered":"https:\/\/ahjo.media\/index.php\/ostoskori\/"},"modified":"2023-12-02T22:33:09","modified_gmt":"2023-12-02T20:33:09","slug":"ostoskori","status":"publish","type":"page","link":"https:\/\/ahjo.media\/index.php\/ostoskori\/","title":{"rendered":"Ostoskori"},"content":{"rendered":"\n<div data-block-name=\"woocommerce\/cart\" class=\"wp-block-woocommerce-cart alignwide is-loading\">\n<div data-block-name=\"woocommerce\/filled-cart-block\" class=\"wp-block-woocommerce-filled-cart-block\">\n<div data-block-name=\"woocommerce\/cart-items-block\" class=\"wp-block-woocommerce-cart-items-block\">\n<div data-block-name=\"woocommerce\/cart-line-items-block\" class=\"wp-block-woocommerce-cart-line-items-block\"><\/div>\n\n\n\n<div data-block-name=\"woocommerce\/cart-cross-sells-block\" class=\"wp-block-woocommerce-cart-cross-sells-block\">\n<h2 class=\"wp-block-heading has-large-font-size\">Saatat olla kiinnostunut my\u00f6s&#8230;<\/h2>\n\n\n\n<div data-block-name=\"woocommerce\/cart-cross-sells-products-block\" class=\"wp-block-woocommerce-cart-cross-sells-products-block\"><\/div>\n<\/div>\n<\/div>\n\n\n\n<div data-block-name=\"woocommerce\/cart-totals-block\" class=\"wp-block-woocommerce-cart-totals-block\">\n<div data-block-name=\"woocommerce\/cart-order-summary-block\" class=\"wp-block-woocommerce-cart-order-summary-block\">\n<div data-block-name=\"woocommerce\/cart-order-summary-heading-block\" class=\"wp-block-woocommerce-cart-order-summary-heading-block\"><\/div><div data-block-name=\"woocommerce\/cart-order-summary-coupon-form-block\" class=\"wp-block-woocommerce-cart-order-summary-coupon-form-block\"><\/div><div data-block-name=\"woocommerce\/cart-order-summary-totals-block\" class=\"wp-block-woocommerce-cart-order-summary-totals-block\">\n<div data-block-name=\"woocommerce\/cart-order-summary-subtotal-block\" class=\"wp-block-woocommerce-cart-order-summary-subtotal-block\"><\/div>\n<div data-block-name=\"woocommerce\/cart-order-summary-discount-block\" class=\"wp-block-woocommerce-cart-order-summary-discount-block\"><\/div>\n<div data-block-name=\"woocommerce\/cart-order-summary-fee-block\" class=\"wp-block-woocommerce-cart-order-summary-fee-block\"><\/div>\n<div data-block-name=\"woocommerce\/cart-order-summary-shipping-block\" class=\"wp-block-woocommerce-cart-order-summary-shipping-block\"><\/div>\n<div data-block-name=\"woocommerce\/cart-order-summary-taxes-block\" class=\"wp-block-woocommerce-cart-order-summary-taxes-block\"><\/div><\/div>\n<\/div>\n\n\n\n<div data-block-name=\"woocommerce\/cart-express-payment-block\" class=\"wp-block-woocommerce-cart-express-payment-block\"><\/div>\n\n\n\n<div data-block-name=\"woocommerce\/proceed-to-checkout-block\" class=\"wp-block-woocommerce-proceed-to-checkout-block\"><\/div>\n\n\n\n<div data-block-name=\"woocommerce\/cart-accepted-payment-methods-block\" class=\"wp-block-woocommerce-cart-accepted-payment-methods-block\"><\/div>\n<\/div>\n<\/div>\n\n\n\n<div data-block-name=\"woocommerce\/empty-cart-block\" class=\"wp-block-woocommerce-empty-cart-block\">\n<h2 class=\"wp-block-heading has-text-align-center with-empty-cart-icon wc-block-cart__empty-cart__title\">Ostoskorisi on tyhj\u00e4!<\/h2>\n\n\n\n<hr class=\"wp-block-separator has-alpha-channel-opacity is-style-dots\"\/>\n\n\n\n<h2 class=\"wp-block-heading has-text-align-center\">Uutta kaupassa<\/h2>\n\n\n<div data-block-name=\"woocommerce\/product-new\" data-columns=\"4\" data-rows=\"1\" class=\"wc-block-grid wp-block-product-new wp-block-woocommerce-product-new wc-block-product-new has-4-columns\"><ul class=\"wc-block-grid__products\"><li class=\"wc-block-grid__product\">\n\t\t\t\t<a href=\"https:\/\/ahjo.media\/index.php\/tuote\/sahkopostireititys\/\" class=\"wc-block-grid__product-link\">\n\t\t\t\t\t\n\t\t\t\t\t<div class=\"wc-block-grid__product-image\"><img loading=\"lazy\" decoding=\"async\" width=\"300\" height=\"300\" src=\"https:\/\/ahjo.media\/wp-content\/uploads\/woocommerce-placeholder.png\" class=\"woocommerce-placeholder wp-post-image\" alt=\"\" srcset=\"https:\/\/ahjo.media\/wp-content\/uploads\/woocommerce-placeholder.png 1200w, https:\/\/ahjo.media\/wp-content\/uploads\/woocommerce-placeholder-300x300.png 300w, https:\/\/ahjo.media\/wp-content\/uploads\/woocommerce-placeholder-1024x1024.png 1024w, https:\/\/ahjo.media\/wp-content\/uploads\/woocommerce-placeholder-150x150.png 150w, https:\/\/ahjo.media\/wp-content\/uploads\/woocommerce-placeholder-768x768.png 768w\" sizes=\"auto, (max-width: 300px) 100vw, 300px\" \/><\/div>\n\t\t\t\t\t<div class=\"wc-block-grid__product-title\">S\u00e4hk\u00f6postireititys<\/div>\n\t\t\t\t<\/a>\n\t\t\t\t<div class=\"wc-block-grid__product-price price\"><span class=\"woocommerce-Price-amount amount\">5,00&nbsp;<span class=\"woocommerce-Price-currencySymbol\">&euro;<\/span><\/span><\/div>\n\t\t\t\t\n\t\t\t\t<div class=\"wp-block-button wc-block-grid__product-add-to-cart\"><a href=\"\/index.php\/wp-json\/wp\/v2\/pages\/695?add-to-cart=1115\" aria-label=\"Lis\u00e4\u00e4 ostoskoriin: &ldquo;S\u00e4hk\u00f6postireititys&rdquo;\" data-quantity=\"1\" data-product_id=\"1115\" data-product_sku=\"\" data-price=\"5\" rel=\"nofollow\" class=\"wp-block-button__link wp-element-button add_to_cart_button ajax_add_to_cart\">Lis\u00e4\u00e4 ostoskoriin<\/a><\/div>\n\t\t\t<\/li><li class=\"wc-block-grid__product\">\n\t\t\t\t<a href=\"https:\/\/ahjo.media\/index.php\/tuote\/laaja\/\" class=\"wc-block-grid__product-link\">\n\t\t\t\t\t\n\t\t\t\t\t<div class=\"wc-block-grid__product-image\"><img loading=\"lazy\" decoding=\"async\" width=\"300\" height=\"300\" src=\"https:\/\/ahjo.media\/wp-content\/uploads\/2023\/12\/hotel-300x300.png\" class=\"attachment-woocommerce_thumbnail size-woocommerce_thumbnail\" alt=\"web hotel\" srcset=\"https:\/\/ahjo.media\/wp-content\/uploads\/2023\/12\/hotel-300x300.png 300w, https:\/\/ahjo.media\/wp-content\/uploads\/2023\/12\/hotel-1024x1024.png 1024w, https:\/\/ahjo.media\/wp-content\/uploads\/2023\/12\/hotel-150x150.png 150w, https:\/\/ahjo.media\/wp-content\/uploads\/2023\/12\/hotel-768x768.png 768w, https:\/\/ahjo.media\/wp-content\/uploads\/2023\/12\/hotel-1536x1536.png 1536w, https:\/\/ahjo.media\/wp-content\/uploads\/2023\/12\/hotel-600x600.png 600w, https:\/\/ahjo.media\/wp-content\/uploads\/2023\/12\/hotel-100x100.png 100w, https:\/\/ahjo.media\/wp-content\/uploads\/2023\/12\/hotel.png 1707w\" sizes=\"auto, (max-width: 300px) 100vw, 300px\" \/><\/div>\n\t\t\t\t\t<div class=\"wc-block-grid__product-title\">Webhotelli &#8211; multi<\/div>\n\t\t\t\t<\/a>\n\t\t\t\t<div class=\"wc-block-grid__product-price price\"><span class=\"woocommerce-Price-amount amount\">144,00&nbsp;<span class=\"woocommerce-Price-currencySymbol\">&euro;<\/span><\/span><\/div>\n\t\t\t\t\n\t\t\t\t<div class=\"wp-block-button wc-block-grid__product-add-to-cart\"><a href=\"\/index.php\/wp-json\/wp\/v2\/pages\/695?add-to-cart=1106\" aria-label=\"Lis\u00e4\u00e4 ostoskoriin: &ldquo;Webhotelli - multi&rdquo;\" data-quantity=\"1\" data-product_id=\"1106\" data-product_sku=\"\" data-price=\"144\" rel=\"nofollow\" class=\"wp-block-button__link wp-element-button add_to_cart_button ajax_add_to_cart\">Lis\u00e4\u00e4 ostoskoriin<\/a><\/div>\n\t\t\t<\/li><li class=\"wc-block-grid__product\">\n\t\t\t\t<a href=\"https:\/\/ahjo.media\/index.php\/tuote\/web-hotelli-medium\/\" class=\"wc-block-grid__product-link\">\n\t\t\t\t\t\n\t\t\t\t\t<div class=\"wc-block-grid__product-image\"><img loading=\"lazy\" decoding=\"async\" width=\"300\" height=\"300\" src=\"https:\/\/ahjo.media\/wp-content\/uploads\/2023\/12\/hotel-300x300.png\" class=\"attachment-woocommerce_thumbnail size-woocommerce_thumbnail\" alt=\"web hotel\" srcset=\"https:\/\/ahjo.media\/wp-content\/uploads\/2023\/12\/hotel-300x300.png 300w, https:\/\/ahjo.media\/wp-content\/uploads\/2023\/12\/hotel-1024x1024.png 1024w, https:\/\/ahjo.media\/wp-content\/uploads\/2023\/12\/hotel-150x150.png 150w, https:\/\/ahjo.media\/wp-content\/uploads\/2023\/12\/hotel-768x768.png 768w, https:\/\/ahjo.media\/wp-content\/uploads\/2023\/12\/hotel-1536x1536.png 1536w, https:\/\/ahjo.media\/wp-content\/uploads\/2023\/12\/hotel-600x600.png 600w, https:\/\/ahjo.media\/wp-content\/uploads\/2023\/12\/hotel-100x100.png 100w, https:\/\/ahjo.media\/wp-content\/uploads\/2023\/12\/hotel.png 1707w\" sizes=\"auto, (max-width: 300px) 100vw, 300px\" \/><\/div>\n\t\t\t\t\t<div class=\"wc-block-grid__product-title\">Iso hotelli<\/div>\n\t\t\t\t<\/a>\n\t\t\t\t<div class=\"wc-block-grid__product-price price\"><span class=\"woocommerce-Price-amount amount\">108,00&nbsp;<span class=\"woocommerce-Price-currencySymbol\">&euro;<\/span><\/span><\/div>\n\t\t\t\t\n\t\t\t\t<div class=\"wp-block-button wc-block-grid__product-add-to-cart\"><a href=\"\/index.php\/wp-json\/wp\/v2\/pages\/695?add-to-cart=1102\" aria-label=\"Lis\u00e4\u00e4 ostoskoriin: &ldquo;Iso hotelli&rdquo;\" data-quantity=\"1\" data-product_id=\"1102\" data-product_sku=\"\" data-price=\"108\" rel=\"nofollow\" class=\"wp-block-button__link wp-element-button add_to_cart_button ajax_add_to_cart\">Lis\u00e4\u00e4 ostoskoriin<\/a><\/div>\n\t\t\t<\/li><li class=\"wc-block-grid__product\">\n\t\t\t\t<a href=\"https:\/\/ahjo.media\/index.php\/tuote\/web-hotelli-perus\/\" class=\"wc-block-grid__product-link\">\n\t\t\t\t\t\n\t\t\t\t\t<div class=\"wc-block-grid__product-image\"><img loading=\"lazy\" decoding=\"async\" width=\"300\" height=\"300\" src=\"https:\/\/ahjo.media\/wp-content\/uploads\/2023\/12\/hotel-300x300.png\" class=\"attachment-woocommerce_thumbnail size-woocommerce_thumbnail\" alt=\"web hotel\" srcset=\"https:\/\/ahjo.media\/wp-content\/uploads\/2023\/12\/hotel-300x300.png 300w, https:\/\/ahjo.media\/wp-content\/uploads\/2023\/12\/hotel-1024x1024.png 1024w, https:\/\/ahjo.media\/wp-content\/uploads\/2023\/12\/hotel-150x150.png 150w, https:\/\/ahjo.media\/wp-content\/uploads\/2023\/12\/hotel-768x768.png 768w, https:\/\/ahjo.media\/wp-content\/uploads\/2023\/12\/hotel-1536x1536.png 1536w, https:\/\/ahjo.media\/wp-content\/uploads\/2023\/12\/hotel-600x600.png 600w, https:\/\/ahjo.media\/wp-content\/uploads\/2023\/12\/hotel-100x100.png 100w, https:\/\/ahjo.media\/wp-content\/uploads\/2023\/12\/hotel.png 1707w\" sizes=\"auto, (max-width: 300px) 100vw, 300px\" \/><\/div>\n\t\t\t\t\t<div class=\"wc-block-grid__product-title\">Perus hotelli<\/div>\n\t\t\t\t<\/a>\n\t\t\t\t<div class=\"wc-block-grid__product-price price\"><span class=\"woocommerce-Price-amount amount\">60,00&nbsp;<span class=\"woocommerce-Price-currencySymbol\">&euro;<\/span><\/span><\/div>\n\t\t\t\t\n\t\t\t\t<div class=\"wp-block-button wc-block-grid__product-add-to-cart\"><a href=\"\/index.php\/wp-json\/wp\/v2\/pages\/695?add-to-cart=1101\" aria-label=\"Lis\u00e4\u00e4 ostoskoriin: &ldquo;Perus hotelli&rdquo;\" data-quantity=\"1\" data-product_id=\"1101\" data-product_sku=\"\" data-price=\"60\" rel=\"nofollow\" class=\"wp-block-button__link wp-element-button add_to_cart_button ajax_add_to_cart\">Lis\u00e4\u00e4 ostoskoriin<\/a><\/div>\n\t\t\t<\/li><\/ul><\/div><\/div>\n<\/div>\n","protected":false},"excerpt":{"rendered":"","protected":false},"author":1,"featured_media":0,"parent":0,"menu_order":0,"comment_status":"closed","ping_status":"closed","template":"","meta":{"footnotes":""},"class_list":["post-695","page","type-page","status-publish","hentry"],"_links":{"self":[{"href":"https:\/\/ahjo.media\/index.php\/wp-json\/wp\/v2\/pages\/695","targetHints":{"allow":["GET"]}}],"collection":[{"href":"https:\/\/ahjo.media\/index.php\/wp-json\/wp\/v2\/pages"}],"about":[{"href":"https:\/\/ahjo.media\/index.php\/wp-json\/wp\/v2\/types\/page"}],"author":[{"embeddable":true,"href":"https:\/\/ahjo.media\/index.php\/wp-json\/wp\/v2\/users\/1"}],"replies":[{"embeddable":true,"href":"https:\/\/ahjo.media\/index.php\/wp-json\/wp\/v2\/comments?post=695"}],"version-history":[{"count":0,"href":"https:\/\/ahjo.media\/index.php\/wp-json\/wp\/v2\/pages\/695\/revisions"}],"wp:attachment":[{"href":"https:\/\/ahjo.media\/index.php\/wp-json\/wp\/v2\/media?parent=695"}],"curies":[{"name":"wp","href":"https:\/\/api.w.org\/{rel}","templated":true}]}}