{"id":1115,"date":"2023-12-08T20:21:45","date_gmt":"2023-12-08T18:21:45","guid":{"rendered":"https:\/\/ahjo.media\/?post_type=product&#038;p=1115"},"modified":"2023-12-08T21:05:00","modified_gmt":"2023-12-08T19:05:00","slug":"sahkopostireititys","status":"publish","type":"product","link":"https:\/\/ahjo.media\/index.php\/tuote\/sahkopostireititys\/","title":{"rendered":"S\u00e4hk\u00f6postireititys"},"content":{"rendered":"<p>Oma s\u00e4hk\u00f6postiosoite ilman uutta uutta s\u00e4hk\u00f6postilaatikkoa<\/p>\n<p>\u2022 Et tarvitse uutta s\u00e4hk\u00f6postilaatikkoa<br \/>\n\u2022 s\u00e4hk\u00f6posti ohjataan jo olemassa olevaan s\u00e4hk\u00f6postiisi<br \/>\n\u2022 s\u00e4hk\u00f6postit eiv\u00e4t kuluta web hotellisi tilaa<br \/>\n\u2022 Asiakkaasi voi l\u00e4hett\u00e4\u00e4 sinulle s\u00e4hk\u00f6postia oman domainiisi; esim. info@sinundomain.fi -osoitteeseen.<\/p>\n<p>\u2022 voit tilata reitityksi\u00e4 tarvitsemasi m\u00e4\u00e4r\u00e4n, 5 \u20ac\/kpl<\/p>\n","protected":false},"excerpt":{"rendered":"<p>Oma s\u00e4hk\u00f6postiosoite ilman uutta uutta s\u00e4hk\u00f6postilaatikkoa<\/p>\n<p>\u2022 Et tarvitse uutta s\u00e4hk\u00f6postilaatikkoa<br \/>\n\u2022 s\u00e4hk\u00f6posti ohjataan jo olemassa olevaan s\u00e4hk\u00f6postiisi<br \/>\n\u2022 s\u00e4hk\u00f6postit eiv\u00e4t kuluta web hotellisi tilaa<br \/>\n\u2022 Asiakkaasi voi l\u00e4hett\u00e4\u00e4 sinulle s\u00e4hk\u00f6postia oman domainiisi; esim. info@sinundomain.fi -osoitteeseen.&lt;\/li&gt;<br \/>\n\u2022 voit tilata reitityksi\u00e4 tarvitsemasi m\u00e4\u00e4r\u00e4n, 5 \u20ac\/kpl<\/p>\n","protected":false},"featured_media":0,"comment_status":"open","ping_status":"closed","template":"","meta":[],"product_brand":[],"product_cat":[31],"product_tag":[],"class_list":{"0":"post-1115","1":"product","2":"type-product","3":"status-publish","5":"product_cat-web-hotelli","7":"first","8":"instock","9":"virtual","10":"taxable","11":"purchasable","12":"product-type-simple"},"_links":{"self":[{"href":"https:\/\/ahjo.media\/index.php\/wp-json\/wp\/v2\/product\/1115","targetHints":{"allow":["GET"]}}],"collection":[{"href":"https:\/\/ahjo.media\/index.php\/wp-json\/wp\/v2\/product"}],"about":[{"href":"https:\/\/ahjo.media\/index.php\/wp-json\/wp\/v2\/types\/product"}],"replies":[{"embeddable":true,"href":"https:\/\/ahjo.media\/index.php\/wp-json\/wp\/v2\/comments?post=1115"}],"wp:attachment":[{"href":"https:\/\/ahjo.media\/index.php\/wp-json\/wp\/v2\/media?parent=1115"}],"wp:term":[{"taxonomy":"product_brand","embeddable":true,"href":"https:\/\/ahjo.media\/index.php\/wp-json\/wp\/v2\/product_brand?post=1115"},{"taxonomy":"product_cat","embeddable":true,"href":"https:\/\/ahjo.media\/index.php\/wp-json\/wp\/v2\/product_cat?post=1115"},{"taxonomy":"product_tag","embeddable":true,"href":"https:\/\/ahjo.media\/index.php\/wp-json\/wp\/v2\/product_tag?post=1115"}],"curies":[{"name":"wp","href":"https:\/\/api.w.org\/{rel}","templated":true}]}}